{"id":35,"date":"2023-07-05T17:23:15","date_gmt":"2023-07-05T15:23:15","guid":{"rendered":"http:\/\/marionateliercouture.fr\/?page_id=35"},"modified":"2023-07-05T17:23:15","modified_gmt":"2023-07-05T15:23:15","slug":"qui-suis-je","status":"publish","type":"page","link":"https:\/\/marionateliercouture.fr\/index.php\/qui-suis-je\/","title":{"rendered":"Qui suis-je&#8230;"},"content":{"rendered":"\n<div class=\"wp-block-media-text alignwide is-stacked-on-mobile\" style=\"grid-template-columns:25% auto\"><figure class=\"wp-block-media-text__media\"><img loading=\"lazy\" decoding=\"async\" width=\"1024\" height=\"1024\" src=\"http:\/\/marionateliercouture.fr\/wp-content\/uploads\/2023\/07\/photo-profil-1024x1024.png\" alt=\"\" class=\"wp-image-581 size-full\" srcset=\"https:\/\/marionateliercouture.fr\/wp-content\/uploads\/2023\/07\/photo-profil-1024x1024.png 1024w, https:\/\/marionateliercouture.fr\/wp-content\/uploads\/2023\/07\/photo-profil-300x300.png 300w, https:\/\/marionateliercouture.fr\/wp-content\/uploads\/2023\/07\/photo-profil-100x100.png 100w, https:\/\/marionateliercouture.fr\/wp-content\/uploads\/2023\/07\/photo-profil-600x600.png 600w, https:\/\/marionateliercouture.fr\/wp-content\/uploads\/2023\/07\/photo-profil-150x150.png 150w, https:\/\/marionateliercouture.fr\/wp-content\/uploads\/2023\/07\/photo-profil-768x768.png 768w, https:\/\/marionateliercouture.fr\/wp-content\/uploads\/2023\/07\/photo-profil-1536x1536.png 1536w, https:\/\/marionateliercouture.fr\/wp-content\/uploads\/2023\/07\/photo-profil-60x60.png 60w, https:\/\/marionateliercouture.fr\/wp-content\/uploads\/2023\/07\/photo-profil.png 2048w\" sizes=\"auto, (max-width: 1024px) 100vw, 1024px\" \/><\/figure><div class=\"wp-block-media-text__content\">\n<p>Bonjour, Je m&rsquo;appelle Marion!! Je suis la cr\u00e9atrice de Marion Atelier Couture.<\/p>\n\n\n\n<p>Je fais de la couture, du tricot, de la broderie, du crochet\u2026. et j&rsquo;en passe, depuis toute petite. Travailler de mes mains a toujours fait parti de ma vie. Ce sont ma maman et ma marraine qui m&rsquo;ont mis le pied \u00e0 l&rsquo;\u00e9trier et j&rsquo;ai poursuivi le chemin de mon c\u00f4t\u00e9 jusqu&rsquo;\u00e0 faire une reconversion professionnelle, en commen\u00e7ant par mon CAP M\u00e9tier de la mode &#8211; V\u00eatement Flou.<\/p>\n<\/div><\/div>\n\n\n\n<p>Pour moi la couture, la broderie,&#8230; c&rsquo;est avant tout :<\/p>\n\n\n\n<p>Cr\u00e9er : Partir d\u2019une mati\u00e8re brute, de base, et arriver \u00e0 la fin \u00e0 un v\u00eatement fini, un accessoire\u2026 de compl\u00e8tement diff\u00e9rent. Quoi de plus satisfaisant ?<\/p>\n\n\n\n<p>Partager : \u00c9changer autour de la couture, chiner dans les boutiques de tissu, voir des expos sur la mode\u2026<\/p>\n\n\n\n<p>Transmettre : Apprendre des autres et aux autres et leur transmettre mes connaissances.<\/p>\n\n\n\n<p>Voil\u00e0 tout ce que j&rsquo;aime et me motive.<\/p>\n\n\n\n<p>C&rsquo;est dans ce but que j&rsquo;ai cr\u00e9\u00e9 ma micro-entreprise, Marion Atelier Couture, afin de partager ma passion avec vous. <\/p>\n\n\n\n<p>Sur le site, vous trouverez toutes les informations concernant les cours de couture que je vous propose, mais pas que! Vous aurez \u00e9galement la possibilit\u00e9 de vous inscrire \u00e0 des ateliers ponctuels dans d&rsquo;autres domaines d&rsquo;art du fil&#8230;. je vous laisse d\u00e9couvrir tout cela en vous promenant sur le site. <\/p>\n\n\n\n<p>Alors, Bienvenue!!!<\/p>\n","protected":false},"excerpt":{"rendered":"<p>Bonjour, Je m&rsquo;appelle Marion!! Je suis la cr\u00e9atrice de Marion Atelier Couture. Je fais de la couture, du tricot, de la broderie, du crochet\u2026. et &hellip; <\/p>\n","protected":false},"author":1,"featured_media":0,"parent":0,"menu_order":0,"comment_status":"closed","ping_status":"closed","template":"","meta":{"footnotes":""},"class_list":["post-35","page","type-page","status-publish","hentry","latest_post"],"jetpack_sharing_enabled":true,"jetpack_likes_enabled":true,"_links":{"self":[{"href":"https:\/\/marionateliercouture.fr\/index.php\/wp-json\/wp\/v2\/pages\/35","targetHints":{"allow":["GET"]}}],"collection":[{"href":"https:\/\/marionateliercouture.fr\/index.php\/wp-json\/wp\/v2\/pages"}],"about":[{"href":"https:\/\/marionateliercouture.fr\/index.php\/wp-json\/wp\/v2\/types\/page"}],"author":[{"embeddable":true,"href":"https:\/\/marionateliercouture.fr\/index.php\/wp-json\/wp\/v2\/users\/1"}],"replies":[{"embeddable":true,"href":"https:\/\/marionateliercouture.fr\/index.php\/wp-json\/wp\/v2\/comments?post=35"}],"version-history":[{"count":2,"href":"https:\/\/marionateliercouture.fr\/index.php\/wp-json\/wp\/v2\/pages\/35\/revisions"}],"predecessor-version":[{"id":583,"href":"https:\/\/marionateliercouture.fr\/index.php\/wp-json\/wp\/v2\/pages\/35\/revisions\/583"}],"wp:attachment":[{"href":"https:\/\/marionateliercouture.fr\/index.php\/wp-json\/wp\/v2\/media?parent=35"}],"curies":[{"name":"wp","href":"https:\/\/api.w.org\/{rel}","templated":true}]}}